00 - 0?
652600
In base 13, what is -1 - -326c85?
326c84
In base 15, what is -1 - -2827ae?
2827ad
In base 6, what is 2442444 + -5?
2442435
In base 16, what is 8 - -21456?
2145e
In base 4, what is -100311 - 33032?
-200003
In base 9, what is -5 + 7754?
7748
In base 2, what is 101100001111000010 + -11?
101100001110111111
In base 12, what is 271 - 45?
228
In base 12, what is -118 - -a8?
-30
In base 13, what is -1a72 - -5b0?
-1492
In base 15, what is 2c + 21a?
247
In base 9, what is -220425 - -1?
-220424
In base 12, what is 0 - 6610?
-6610
In base 11, what is 23 - 816?
-7a3
In base 7, what is -1000 + 22?
-645
In base 2, what is 100111010111101010 - 100?
100111010111100110
In base 3, what is -102221110211 - 0?
-102221110211
In base 4, what is -32110 - -1133?
-30311
In base 15, what is -2 + 11e1b?
11e19
In base 15, what is -1b87e - -e?
-1b870
In base 4, what is 122003 + 3100?
131103
In base 7, what is -56502 - 3?
-56505
In base 8, what is 16675271 - 0?
16675271
In base 7, what is -1 + -230404?
-230405
In base 2, what is -1000010 + -10010011011?
-10011011101
In base 16, what is 18 + 2cdc?
2cf4
In base 5, what is -31 + 1001041?
1001010
In base 2, what is -1001111111 + -110000000?
-1111111111
In base 6, what is -5 - -3431413?
3431404
In base 4, what is -23 - 33130320?
-33131003
In base 9, what is -73675 + 0?
-73675
In base 9, what is -74 - -16?
-57
In base 10, what is 32113 + 4?
32117
In base 3, what is -11201011021 - 12?
-11201011110
In base 6, what is -4 + 2420002?
2415554
In base 16, what is -188d - 91?
-191e
In base 6, what is 1 + 13353033?
13353034
In base 13, what is -4 + 1c2a9?
1c2a5
In base 12, what is -556 + -30?
-586
In base 15, what is -c - -2dac?
2da0
In base 16, what is -29 - 59?
-82
In base 13, what is 25 - -5763?
5788
In base 15, what is -8686 + 3?
-8683
In base 13, what is 2b9b2 + -1?
2b9b1
In base 14, what is 70c06a + -2?
70c068
In base 14, what is 3 - 1769b?
-17698
In base 15, what is 111 - 2c14?
-2b03
In base 2, what is -111101010101101010 + -11?
-111101010101101101
In base 3, what is -210222100 - -12?
-210222011
In base 5, what is -3031 - 10231?
-13312
In base 6, what is -1010143 + 2?
-1010141
In base 13, what is -a - 90c?
-919
In base 14, what is -d9db - -1?
-d9da
In base 9, what is -3 - -328401?
328387
In base 14, what is -367a - 0?
-367a
In base 12, what is -958 - -bba?
262
In base 14, what is -2 - 6b859?
-6b85b
In base 7, what is 2140 - 163?
1644
In base 2, what is -1000110100111000000 - 100?
-1000110100111000100
In base 5, what is 3 + 2332422?
2332430
In base 13, what is -2582 + -17?
-2599
In base 7, what is -1331440 - 0?
-1331440
In base 14, what is -d77 + d?
-d68
In base 9, what is 62 - 62?
0
In base 14, what is -1498 + 3?
-1495
In base 7, what is -10032 - 12?
-10044
In base 11, what is 320 - -148?
468
In base 16, what is -126a - -9d?
-11cd
In base 6, what is -304245 + -1?
-304250
In base 10, what is 27 - -17?
44
In base 11, what is -265 + -63?
-318
In base 6, what is -2 + 24320024?
24320022
In base 15, what is -c6 - 11b?
-1e2
In base 9, what is 5 - -187783?
187788
In base 6, what is 12 - 403233?
-403221
In base 10, what is 2 - 18133?
-18131
In base 6, what is 44255150 + 4?
44255154
In base 9, what is -12453315 - -5?
-12453310
In base 4, what is 1232 - 32101?
-30203
In base 9, what is -12 + -17514?
-17526
In base 4, what is 0 - -1133103021?
1133103021
In base 13, what is -2a10 + 2?
-2a0b
In base 10, what is 19589 - -5?
19594
In base 5, what is 134442 - 32?
134410
In base 6, what is 3125 - -4?
3133
In base 10, what is -165 + 5844?
5679
In base 15, what is -e - cc8?
-cd7
In base 3, what is -10 + -21121102?
-21121112
In base 6, what is -101142154 + 3?
-101142151
In base 4, what is 102100 + 3133?
111233
In base 3, what is -100020102 + 11001?
-100002101
In base 5, what is -221 - 102041?
-102312
In base 12, what is 24a857 + 2?
24a859
In base 2, what is 100 + -110111001101000000010?
-110111001100111111110
In base 8, what is -17120 + -12?
-17132
In base 3, what is -21200 - 2001110?
-2100010
In base 13, what is 24a0 + -672?
1b2b
In base 7, what is -3406612 + -1?
-3406613
In base 9, what is 0 - -112485?
112485
In base 12, what is 290 + 706?
996
In base 15, what is 4 + -67c6?
-67c2
In base 12, what is 64 - 132?
-8a
In base 2, what is -100111111101 - -1011?
-100111110010
In base 13, what is -5 - bb6?
-bbb
In base 9, what is -448775 - 5?
-448781
In base 9, what is -270178 + -2?
-270181
In base 7, what is 2 + -265321?
-265316
In base 6, what is 1150 + 43212?
44402
In base 7, what is -121013 + 0?
-121013
In base 13, what is -2 - -b75b?
b759
In base 9, what is -17540 - 7?
-17547
In base 2, what is 110000011001111 - -1101?
110000011011100
In base 9, what is 3 + 35333?
35336
In base 15, what is -5 + -cc502?
-cc507
In base 13, what is -96a2 - -3b?
-9664
In base 2, what is -11 + 10011111100101?
10011111100010
In base 13, what is -4 + 20c2?
20bb
In base 14, what is -5 - -16b6d?
16b68
In base 8, what is 117 - -13?
132
In base 6, what is -1545450 + 1?
-1545445
In base 2, what is -100 - -10110011000000000110?
10110011000000000010
In base 15, what is 19 + -90e?
-8e5
In base 3, what is 120010 + 12201?
202211
In base 15, what is -2 - -1dc2?
1dc0
In base 3, what is -2 - 121120000221?
-121120001000
In base 12, what is 1027595 - -1?
1027596
In base 4, what is 1012312 - 2?
1012310
In base 3, what is -1102201 + -11?
-1102212
In base 6, what is -2300 + 11?
-2245
In base 3, what is 10 - -12101200200?
12101200210
In base 8, what is 136 - 10756?
-10620
In base 6, what is -252 - 550121?
-550413
In base 15, what is d8 - -1b?
104
In base 4, what is 22 + -12223100?
-12223012
In base 7, what is 1101 - 210?
561
In base 12, what is -177938 - 2?
-17793a
In base 4, what is -12121 + -3110?
-21231
In base 7, what is 34 + -266301?
-266234
In base 10, what is 211437 + -5?
211432
In base 8, what is 2 + 35405?
35407
In base 12, what is 655 - -59?
6b2
In base 9, what is -3 + -25261?
-25264
In base 12, what is -14 - -26154?
26140
In base 11, what is -8941 + -9?
-894a
In base 4, what is 3 + 1330213?
1330222
In base 9, what is 37 - 223?
-175
In base 14, what is 0 - -c547?
c547
In base 15, what is -7d1 - -5?
-7cb
In base 5, what is -240012 - -22?
-234440
In base 4, what is 102231 - 100?
102131
In base 5, what is -3241 - -1203?
-2033
In base 4, what is -3 - -12301331?
12301322
In base 14, what is dc3c8 - -2?
dc3ca
In base 7, what is -3 + -463031?
-463034
In base 13, what is -97327 + -3?
-9732a
In base 13, what is 780 - -13?
793
In base 10, what is 54137 - -3?
54140
In base 3, what is -101 - 2001220120?
-2001220221
In base 15, what is b - 3423?
-3417
In base 7, what is 412 - 1344?
-632
In base 10, what is -490743 + -4?
-490747
In base 9, what is 405180 - -5?
405185
In base 16, what is 61 + 52?
b3
In base 14, what is -dda31 - -2?
-dda2d
In base 10, what is 2339 + 97?
2436
In base 8, what is 11651 + -1?
11650
In base 16, what is -adb46 + 5?
-adb41
In base 3, what is 2021200101 + 1022?
2021201200
In base 12, what is -4 + -220a78?
-220a80
In base 11, what is -28 + -5392?
-540a
In base 5, what is 10 + 13011022?
13011032
In base 5, what is 21 - 201102?
-201031
In base 13, what is 166174 + 2?
166176
In base 7, what is -120 + 5051?
4631
In base 2, what is -101 - -1110101110111?
1110101110010
In base 10, what is -76 - -7776?
7700
In base 13, what is -113b08 + -3?
-113b0b
In base 11, what is -296 - 908?
-10a3
In base 6, what is 235355203 - -1?
235355204
In base 8, what is -5 - 13507?
-13514
In base 14, what is -1b7 - d6?
-2ad
In base 10, what is -2424 - -17?
-2407
In base 10, what is 2 - -19153?
19155
In base 11, what is 3 + -33561?
-33559
In base 5, what is 12331 - 2?
12324
In base 4, what is 20132111232 + -10?
20132111222
In base 9, what is -86700 - -6?
-86683
In base 5, what is 3023 + -43?
2430
In base 13, what is 9 + -357?
-34b
In base 8, what is -4762 - -50?
-4712
In base 15, what is b2b09 + -2?
b2b07
In base 2, what is -11101101000 - -110010100000?
10100111000
In base 5, what is -13233 - -4304?
-3424
In base 7, what is -1 - -14010?
14006
In base 14, what is -1231 + 5d?
-11b2
In base 5, what is -1104 - 134312?
-140421
In base 11, what is 4 - -20097?
200a0
In base 8, what is 10773 - -30?
11023
In base 7, what is 5 + 5320?
5325
In base 6, what is 25403 + -41?
25322
In base 6, what is 1 